 = -2*a + y + 45, -a = -i - 32. What is the remainder when a is divided by 8?
7
Let k(o) = -2*o**2 - 2*o + 2. Let j be k(-2). Let i = -610 - -526. Calculate the remainder when i/(j*3/3) is divided by 22.
20
Let q(c) = c**2 + 14*c + 7. Let n be q(-13). Let b be (0 - 141/n)/(3/(-6)). Let j = 58 + b. Calculate the remainder when j is divided by 3.
2
Let k(u) be the second derivative of -u**4/12 - 5*u**3/3 - 7*u**2/2 + 809*u. Let v be 1/(-3) + (-52)/6. What is the remainder when 9 is divided by k(v)?
1
Let o(x) = -2*x + 69. Let s be o(27). Suppose -60 = -s*r + 150. Calculate the remainder when 96 is divided by r.
12
Suppose x + 87 = -4*h + 184, 462 = 5*x - 3*h. What is the remainder when 3246 is divided by x?
84
Let p be (9/15)/((-12)/(-360)). Suppose 2160 = -p*o + 48*o. Suppose -4*n = 3*h - 118, -2*h - 2*n + 95 - 17 = 0. What is the remainder when o is divided by h?
34
Let t be (-1)/2*(5 + 1). Let u = 1133 + -1059. Calculate the remainder when u is divided by (-3 - 0)/(t/21).
11
Suppose -217 - 407 = -37*s - 11*s. Calculate the remainder when 190 is divided by s.
8
Suppose -8*a = -75 + 59. Suppose 7*n - 90 = a*n. Suppose -4*y + 4*z + 28 = 0, -z = 2*y + 2*z - 34. Calculate the remainder when n is divided by y.
7
Suppose 8 + 289 = y - 4*n, 586 = 2*y - 4*n. Calculate the remainder when 592 is divided by y.
14
Suppose 328 = 11*k + 3*x, -3*x - 15 - 92 = -4*k. Calculate the remainder when 452 is divided by k.
17
Suppose -2*u + 472 = -10*o + 9*o, 2*o = -2*u + 484. Let t = -364 - -394. What is the remainder when u is divided by t?
28
Let x = 3430 - 3254. What is the remainder when 879 is divided by x?
175
Let n(l) = l**2 + l - 7. Let f = 637 + -531. What is the remainder when f is divided by n(5)?
14
Let v = 139 + -250. Let u = v - -141. What is the remainder when 98 is divided by u?
8
Let d(k) = 5*k + 22. Let b be 215/(-25) + (-4)/10. What is the remainder when d(-2) is divided by 0 - 1 - 27/b?
0
Let t = 168 + -171. Calculate the remainder when 379 is divided by 54/(-60)*-22 - t/15.
19
Suppose -71*d + 11873 + 5309 = 0. Calculate the remainder when d is divided by 56.
18
Suppose -6540 = -18*s - 0*s - 2*s. Calculate the remainder when s is divided by 41.
40
Suppose -2*o + 4*s + 3016 = 2960, -25 = 5*s. What is the remainder when 89 is divided by o?
17
Suppose -16*j = 9*j + 1275. Let z = j - -132. Calculate the remainder when z is divided by 12.
9
Suppose -2*k - 3 = -5*j - 0, k + 6 = -2*j. What is the remainder when 164 is divided by ((-1 - 4) + j)*-2?
8
Let x = 555 - 235. Let v be 2/(-7) - (x/56 - 0). Let j(i) = -10*i - 37. Calculate the remainder when 91 is divided by j(v).
22
Suppose -3*q + 16 = 5*k, 4*k = 5*k + 3*q + 4. Suppose -k = 4*p + 43. What is the remainder when 44 is divided by 16*((-45)/p)/5?
8
Suppose -40*n + 16 = -1224. Let g = 209 - 137. Calculate the remainder when g is divided by n.
10
Let u = -5 - -14. Let h(o) = 23*o - 80. Let y be h(7). Let m = y - -97. Calculate the remainder when m is divided by u.
7
Suppose -p - x = -190, 5*p + 3*x + x = 954. Let b(z) = -3*z - 23. What is the remainder when p is divided by b(-17)?
26
Let b(t) = t**2 + 23*t - 109. What is the remainder when b(-28) is divided by 9 + 3/6*0?
4
Let x = -1532 - -2669. Calculate the remainder when x is divided by 15.
12
Suppose 0 = -21*a + a + 31474 - 12074. Calculate the remainder when a is divided by 12.
10
Suppose 128*x - 24*x - 7592 = 0. Calculate the remainder when x is divided by 1*(-3 - 0/3) - -33.
13
Let v(x) = x - 1. Let s be v(3). Suppose 60 = s*c + 56. Suppose 0 = 2*z + c*p - 176, -3*z + 5*p + 326 = 22. What is the remainder when z is divided by 19?
17
Let w = -1463 - -1551. What is the remainder when w is divided by 76?
12
Suppose -4*m + 0*m + 14*m - 930 = 0. Calculate the remainder when 456 is divided by m.
84
Let t(y) = -y - 3. Let k be t(-10). Calculate the remainder when k/(7/122) - (0 + -4) is divided by 8.
6
Let w(m) = -m**3 - 5*m**2 + 28*m + 139. What is the remainder when 371 is divided by w(-4)?
8
Let m(t) = t**3 - 19*t**2 + 21*t + 22. What is the remainder when (230/70 - -5)*(35 - 0) is divided by m(18)?
62
Suppose 4*p = -d + 314, 34*p + 119 = 35*p - 2*d. Suppose -9 = -2*f - 3*o, 0*f = -2*f + 2*o + 34. What is the remainder when p is divided by f?
11
Suppose a + 4*m = 410, 4*a - 2074 = -a + 4*m. What is the remainder when a is divided by 61?
48
Let c be 52/14 + 2 + 48/(-28). Suppose -c*j - 20 = -156. Calculate the remainder when j is divided by (-1)/2 + (-74)/(-4).
16
Let u be (4 + 169/4)/(2/16). Suppose -u - 332 = -27*f. Calculate the remainder when 647 is divided by f.
23
Let u = 7148 - 6737. What is the remainder when u is divided by 86?
67
Suppose -4*u - 3 = -19. Let w be (-1)/((8/(-10))/u). Suppose -w*h = 3*p - 4*h - 30, -h = 0. Calculate the remainder when 17 is divided by p.
7
Suppose -1238 = -5*i + 1102. Suppose 34*u = 70*u - i. Calculate the remainder when 361 is divided by u.
10
Let j(r) = 5*r**2 - 27*r + 7. Let s be j(5). What is the remainder when 25 is divided by (-8)/2 - (-20 - s)?
12
Let x = 29 - -26853. Calculate the remainder when x is divided by 47.
45
Suppose 11*d - 812 = 112. Let s = 175 - d. What is the remainder when s is divided by 14?
7
Suppose 1995 = -10*r + 13*r + 16*r. What is the remainder when 304 is divided by r?
94
Suppose 213*g - 211*g = x + 4, 0 = 4*x - 2*g - 32. What is the remainder when 2*48 - (-1 - -2) is divided by x?
11
Let v = -44 - -63. Suppose -f = 5*h - 128, h + 4*f + 1 = v. What is the remainder when 105 + ((-100)/(-30))/((-4)/6) is divided by h?
22
Let k = -3266 - -4583. Calculate the remainder when k is divided by 224.
197
Suppose 93*n - 577 = 1034 - 588. Calculate the remainder when 2636 is divided by n.
7
Let f = 9 - -14. Let g = 8 + f. Let k = g + -15. What is the remainder when 45 is divided by k?
13
Let q = -224 - -329. Let d(m) = -m**2 + 16*m - 12. Let y be 39*(-5)/(-15) + -1. Calculate the remainder when q is divided by d(y).
33
Suppose 2*f + 708 = 5*f - 5*v, 5*v = 5*f - 1170. What is the remainder when f is divided by 9?
6
Let t = 12 - 7. Suppose 0 = k - 2*n - 139, 686 = t*k + 3*n + 56. Calculate the remainder when k is divided by 4/5 + 3059/95.
30
Let n be (-2 - (-47)/4) + (-49)/(-196). Suppose -10 = -2*s + n. What is the remainder when 279 is divided by s?
9
Let j = 859 + -361. Suppose 26*p = j + 932. Suppose -k - 48 = -4*k. What is the remainder when p is divided by k?
7
Suppose -16 = -8*g + 120. Let j = 93 - g. Suppose -4*f + j = -24. What is the remainder when 73 is divided by f?
23
Suppose 6*l = 42 + 18. Suppose 5*c = 2*q + 154, -3*q = -3*c - 3 + 90. Let a = 91 - c. Calculate the remainder when a is divided by l.
9
Suppose 3*u - 4*v = 0, -7*v + 5*v = -5*u. Let w(r) = -r**2 - 27*r + 55. What is the remainder when 204 is divided by w(u)?
39
Let m = -33 + 46. Let z = 55 - m. Suppose -26 = 4*t - z. What is the remainder when 33 is divided by t?
1
Suppose -693*b + 36 = -691*b - 2*h, 0 = -b - h + 4. Let f(l) = -6*l + 18*l + 2 + 0. What is the remainder when f(2) is divided by b?
4
Let s(a) = -4*a - 9. Let w(l) = -390*l + 94820. Calculate the remainder when w(243) is divided by s(-6).
5
Let u(g) = -22*g**2 - 88*g + 38. Let d(l) = -l**3 + 7*l**2 + 10*l - 5. Let y be d(7). Suppose -s - y = -6*s. Calculate the remainder when u(-4) is divided by s.
12
What is the remainder when 1694 is divided by 16/12 - 4030/(-78)?
51
Let g be (-5)/(60/8)*72. Let y = -43 - g. Suppose 0 = -o - 0*a + y*a + 40, -3*a = 0. What is the remainder when o is divided by 14?
12
Let v(n) = -402*n + 35. Calculate the remainder when 185 is divided by v(0).
10
Suppose -5*v = -5, -3*s + 4*v = -83 - 21. What is the remainder when (6/(-4))/1 - (-738)/s is divided by 5?
4
Let p(c) = -3*c + 3. Let o be p(1). Suppose o = -3*g + 15, -16*g - 2012 = -3*z - 17*g. Calculate the remainder when z is divided by 42.
39
Let w(n) be the first derivative of -7*n**2/2 - 75*n + 134. Calculate the remainder when w(-27) is divided by 24.
18
Let u = -3893 - -4432. Calculate the remainder when u is divided by 15.
14
Let n(w) = w**3 + 11*w**2 + 9*w + 1. Let s be n(-6). Let p = 147 - s. Calculate the remainder when 55 is divided by p.
15
Suppose -28*t - 4350 = -173*t. Let w(l) = -l**3 - 31*l**2 + 21. Calculate the remainder when t is divided by w(-31).
9
L